{"id":223,"date":"2019-02-25T20:28:43","date_gmt":"2019-02-25T20:28:43","guid":{"rendered":"https:\/\/www.htmlpie.com\/preview\/wordpress-contact-form-plugin\/?page_id=223"},"modified":"2019-02-25T20:28:44","modified_gmt":"2019-02-25T20:28:44","slug":"preguntas-frecuentes","status":"publish","type":"page","link":"https:\/\/www.htmlpie.com\/preview\/wordpress-contact-form-plugin\/es\/preguntas-frecuentes\/","title":{"rendered":"Preguntas frecuentes"},"content":{"rendered":"\n<dl>\n<dt><strong>\u00bfNecesito saber CSS, HTML, JavaScript, PHP, MySQL, Kung Fu y otras artes marciales para poder usar este plugin?<\/strong><\/dt>\n<dd>No:) \u00a1T\u00fa no! s\u00f3lo tienes que saber c\u00f3mo hacer clic! \ud83d\ude00 \u00a1Honesto!<\/dd>\n<dt><strong>\u00bfFunciona esto con cualquier tema?<\/strong><\/dt>\n<dd>\u00a1 S\u00ed, por supuesto! \u00a1 podemos garantizarlo!<\/dd>\n<dt><strong>\u00bfPuedo crear un n\u00famero ilimitado de formularios?<\/strong><\/dt>\n<dd>S\u00ed, no hay absolutamente ning\u00fan l\u00edmite.<\/dd>\n<dt><strong>Si compro este plugin, se me pedir\u00e1 constantemente para actualizar a una versi\u00f3n PRO o comprar algunos otros plugins y\/o ofertas especiales, descuentos, etc?<\/strong><\/dt>\n<dd>No, absolutamente no, este plugin es totalmente libre de cualquier anuncio o cualquier cosa.<\/dd>\n<dt><strong>\u00bfNecesito instalar un plugin CAPTCHA independiente?<\/strong><\/dt>\n<dd>\u00a1De nada! Este plugin viene con varias opciones de CAPTCHA potentes incorporadas.<\/dd>\n<dt><strong>Lo he instalado y el formulario no se parece a la vista previa en el front-end, \u00bfqu\u00e9 debo hacer?<\/strong><\/dt>\n<dd>Lo m\u00e1s probable es que su tema CSS est\u00e9 interfiriendo con el plugin CSS, contacte con soporte a trav\u00e9s de htmlpie.com\/support y le ayudaremos a arreglar su tema.<\/dd>\n<dt><strong>\u00bfPuedo obligar a los visitantes a ingresar su nombre completo?<\/strong><\/dt>\n<dd>\u00a1 S\u00ed, puedes!<\/dd>\n<dt><strong>Necesito un plugin de formulario de contacto multiling\u00fce, \u00bfnecesito crear un formulario por idioma? gusta ContactForm7?<\/strong><\/dt>\n<dd>\u00a1De nada! Cada formulario se puede traducir a tantos idiomas como desee. Esto incluye el asunto del correo electr\u00f3nico, el cuerpo del correo electr\u00f3nico, respuestas autom\u00e1ticas, notificaciones de suscripci\u00f3n, etiquetas de campo, absolutamente todo!!! \u00a1 Incluso el enigma CAPTCHA est\u00e1 listo para la localizaci\u00f3n!<\/dd>\n<dt><strong>\u00bfPuedo a\u00f1adir m\u00e1s campos? como tipo de habitaci\u00f3n, fecha de entrada\/salida, etc?<\/strong><\/dt>\n<dd>Esto es s\u00f3lo un &#8220;Cont\u00e1ctenos &#8221; tipo de plugin, si necesita crear otros formularios le recomendamos encontrar un plugin de constructor de formularios.<\/dd>\n<\/dl>\n\n","protected":false},"excerpt":{"rendered":"<p>\u00bfNecesito saber CSS, HTML, JavaScript, PHP, MySQL, Kung Fu y otras artes marciales para poder usar este plugin? No:) \u00a1T\u00fa no! s\u00f3lo tienes que saber c\u00f3mo hacer clic! \ud83d\ude00 \u00a1Honesto! \u00bfFunciona esto con cualquier tema? \u00a1 S\u00ed, por supuesto! \u00a1 podemos garantizarlo! \u00bfPuedo crear un n\u00famero ilimitado de formularios? S\u00ed, no hay absolutamente ning\u00fan l\u00edmite. [&hellip;]<\/p>\n","protected":false},"author":1,"featured_media":0,"parent":0,"menu_order":0,"comment_status":"closed","ping_status":"closed","template":"","meta":{"footnotes":""},"class_list":["post-223","page","type-page","status-publish","hentry"],"_links":{"self":[{"href":"https:\/\/www.htmlpie.com\/preview\/wordpress-contact-form-plugin\/wp-json\/wp\/v2\/pages\/223","targetHints":{"allow":["GET"]}}],"collection":[{"href":"https:\/\/www.htmlpie.com\/preview\/wordpress-contact-form-plugin\/wp-json\/wp\/v2\/pages"}],"about":[{"href":"https:\/\/www.htmlpie.com\/preview\/wordpress-contact-form-plugin\/wp-json\/wp\/v2\/types\/page"}],"author":[{"embeddable":true,"href":"https:\/\/www.htmlpie.com\/preview\/wordpress-contact-form-plugin\/wp-json\/wp\/v2\/users\/1"}],"replies":[{"embeddable":true,"href":"https:\/\/www.htmlpie.com\/preview\/wordpress-contact-form-plugin\/wp-json\/wp\/v2\/comments?post=223"}],"version-history":[{"count":1,"href":"https:\/\/www.htmlpie.com\/preview\/wordpress-contact-form-plugin\/wp-json\/wp\/v2\/pages\/223\/revisions"}],"predecessor-version":[{"id":224,"href":"https:\/\/www.htmlpie.com\/preview\/wordpress-contact-form-plugin\/wp-json\/wp\/v2\/pages\/223\/revisions\/224"}],"wp:attachment":[{"href":"https:\/\/www.htmlpie.com\/preview\/wordpress-contact-form-plugin\/wp-json\/wp\/v2\/media?parent=223"}],"curies":[{"name":"wp","href":"https:\/\/api.w.org\/{rel}","templated":true}]}}